ppose 196 - 48 = j + 3*g, -2*j - 3*g = -281. Suppose 0 = s - 8*s - j. Let p = s + 33. Is p prime?
False
Let r = -24752 + 35457. Let s = 18564 - r. Is s a composite number?
True
Suppose -62479 = 7*w + 29599. Let u = w - -21175. Is u a prime number?
False
Let m = 18 + -18. Suppose m = r - 4 - 5. Let o(t) = 5*t**2 + 3*t - 13. Is o(r) a prime number?
True
Suppose 54 = 2*u - 2*x, -93 = -6*u + 3*u - x. Let d be 22/(-2 - (-62)/u). Suppose 0 = 3*b + s - 348, -5*b + 2*b + 5*s + d = 0. Is b composite?
True
Suppose -3*g = 5*c + 195, 0*c - 4*c + 2*g - 134 = 0. Is 2/((-8)/(-24987)) + (-9)/c a composite number?
False
Suppose -211*u + 209*u = -4. Suppose -3*p + a + 3*a = -713, -2 = -u*a. Is p composite?
False
Suppose -2*n - 3*n = h + 130, -2*n - 2*h - 60 = 0. Is (n/(-200))/(1/41512) prime?
True
Let v(x) = 8*x**2 - 10*x. Let f be v(5). Suppose 5*c - f = -10. Let a = 711 - c. Is a a prime number?
True
Let j(z) = -875*z**3 - 6*z**2 - 12*z - 2. Is j(-3) prime?
False
Let w(m) = -3220*m - 1859. Is w(-30) a composite number?
True
Suppose -5*n + 58 = -0*n + 3*o, 0 = 2*o + 8. Suppose n*x + 2286 = 16*x. Suppose 2*l + 3*r - 1675 = x, 5*l = -4*r + 7031. Is l a prime number?
False
Let f = 3634 + -1971. Suppose 4*n - 6616 = 4*x, n - 7*x + 3*x - f = 0. Is n prime?
False
Suppose 252 = -14*c + 29582. Is c composite?
True
Suppose -153*j = -w - 151*j + 60757, j - 6 = 0. Is w a composite number?
True
Suppose 5*c + 5 = -x, -6*x + 2*x + 12 = 4*c. Let n(f) = f**2 - 6*f + 11. Let k be n(x). Suppose -3*g + k*g - 474 = 0. Is g prime?
False
Suppose -4*j = 5*i - 433039, -3*i + 193265 = j - 66550. Is i composite?
True
Let t(s) = 26*s**2 - 417*s - 958. Is t(-123) prime?
True
Let m = -3043 - -7080. Suppose 0 = -3*d + 20614 + 260. Let s = d - m. Is s a composite number?
True
Suppose 0 = -5*t + 2*l + 3976479, -4*l = 5*t - 2567306 - 1409221. Is t prime?
True
Let w(x) = 4*x**2 - 90*x + 48. Let t(m) = m**2 - 2. Let i(c) = -5*t(c) + w(c). Is i(-30) prime?
False
Suppose 0 = s + 4*p - 100717, -860*s + 3*p = -858*s - 201467. Is s prime?
False
Let k(z) = 9399*z**2 - 54*z - 118. Is k(-3) prime?
False
Is 8/((-216)/(-21)) - 12/(-54) - -236406 composite?
False
Let k(h) = -2*h**3 + 2*h**2 - 4*h - 7. Let r be k(-2). Let q be 2 - 2*(-3)/6. Suppose 0 = -5*o + r, -3*o = q*d - d - 313. Is d a prime number?
True
Let j(f) = 249*f**2 - 5*f - 41. Is j(10) a composite number?
False
Let q be 15883/6 - (-2)/(-12). Let n = 215 + -931. Let t = q + n. Is t a prime number?
True
Suppose -48578 = -29*x + 44367. Is x - (-3*16/12 + 6) composite?
False
Let y(f) = -12 + 3*f + 2*f**3 - 41*f**2 + 17*f + 2. Is y(21) prime?
False
Suppose 3*h - 6 = 33. Suppose h*j = 11*j. Suppose 5*m - 10*m + 2905 = j. Is m prime?
False
Let a(c) = c**3 - 17*c**2 - c + 16. Let f be (-33)/(-2) + (-2)/(-4). Let d be a(f). Is -1 + 469 - d/1 a prime number?
False
Suppose u = -527 - 938. Is (1 + -8)/(0 + 5/u) a prime number?
False
Suppose 4*n - k = 373116, -n + 9990 = k - 83299. Is n composite?
False
Let h(u) = 4*u + 20. Let l be h(-19). Let w(v) = -224*v + 174. Is w(l) composite?
True
Let w(z) be the first derivative of -7*z**4/2 + z**2/2 - 5*z + 15. Suppose a - 18 = 3*o - a, 0 = 3*o - 5*a + 27. Is w(o) a prime number?
True
Let b = 580264 + -407183. Is b a composite number?
False
Let x = 3672 + 3266. Suppose -90*r = 311728 + 124270 - 14348. Let w = x + r. Is w a composite number?
True
Suppose -39*y - 56*y + 467913 = -38*y. Is y prime?
True
Suppose -21491755 = -259*t + 19704526. Is t a composite number?
False
Let n = 44706 + -30853. Is n composite?
True
Let g(o) = -30*o - o**2 - 6*o + 48672 - 15739. Is g(0) a prime number?
True
Suppose 26*i - 64762 = 72336. Is i prime?
True
Is ((-50)/(-60) + 1/(-6))/((-2)/(-331257)) a prime number?
True
Let q(n) = -35*n**3 + 10*n**2 + 15*n - 1. Let p be q(-5). Suppose b - 4*x + 1610 - p = 0, 14678 = 5*b - 3*x. Is b composite?
True
Let n(f) = 27*f + 1. Let t(x) = 26*x + 1. Let r(z) = -7*n(z) + 6*t(z). Let w be r(-1). Is 1 + 534 - (w - 30) a prime number?
False
Suppose -78*q + 81*q - a - 856120 = 0, -a - 1426866 = -5*q. Is q a composite number?
True
Is ((-2)/4 + 180/280)/(3/7916349) composite?
False
Let k(u) = -6*u - 6. Let n be k(-1). Suppose -2*y - 2*l + 2474 = n, 5*l - l = y - 1222. Is y/16 - (-32)/(-256) prime?
False
Suppose 5*y - 18174 = -4624. Let c = y - 1311. Is c a composite number?
False
Let b(h) = 82*h**2 + h + 4. Let q(n) = -n**2 + 40*n - 85. Let a be q(38). Is b(a) composite?
False
Let w(z) = -26*z - 43. Let b be w(-2). Let h(o) = 11*o**3 + 6*o**2 - 3*o + 31. Is h(b) a composite number?
True
Suppose -5*x - 20 = 0, 3*j - 27*x - 33811 = -29*x. Is j a composite number?
False
Let x = -41688 - -335991. Is x a composite number?
True
Let j(t) = -61 - 9*t**2 - 9*t**2 + 21*t**2 - 61*t. Is j(27) a composite number?
False
Let v(a) = 254*a**3 + a**2 - a + 1. Let f be v(1). Suppose 433 = 2*n - 0*l + 3*l, -n + 204 = 4*l. Let u = n + f. Is u prime?
True
Suppose -5*j + 4501353 = -3*z, -2*z = 2*j - 1793608 - 6914. Is j a composite number?
True
Let c(j) = 6728*j + 359. Is c(3) a composite number?
False
Let a = 3122 - 4922. Let p = 2991 - a. Is p a composite number?
True
Suppose 0 = 36*k - 43*k + 407421. Suppose 0 = 22*f - 13*f - k. Is f composite?
True
Let b = -715 + 719. Suppose -14583 + 46821 = b*j - 5*f, 4*f + 32236 = 4*j. Is j composite?
True
Suppose 7546 = -6*d - 14156. Let l = 5518 + d. Is l a composite number?
False
Let f = 29902 + -16041. Is f prime?
False
Let x(w) = -w**2 - 2*w + 25. Let b be x(-5). Let c(d) = -d**2 - 10*d + 6. Let a be c(-11). Is ((-706)/b)/(1/a) prime?
True
Let w(x) = -9*x**3 + 21*x**2 + 28*x - 8. Is w(-9) a prime number?
False
Let j = 298 - 144. Let p = 310 - j. Suppose -43*t = -47*t + p. Is t composite?
True
Let h = 116 - 116. Suppose 2*s + h = 10, 4*s - 1245 = -5*p. Let j = -19 + p. Is j a composite number?
True
Let i = -211726 + 304337. Is i prime?
False
Suppose -114*t + 17736421 + 23569085 = 0. Is t a composite number?
True
Let n = -3 + -3. Is -211*(n + 3 - -2) prime?
True
Let t(p) = -p**3 - 15*p**2 - 17*p - 42. Let l be t(-14). Suppose -41*x + 70*x - 125483 = l. Is x prime?
True
Suppose 0 = -2*k - 5*a + 14, -5*a = -k + 2*k - 12. Let v(h) = -2*h**3 + h**2 + 3*h - 5 - 8*h**k + 5*h**2 + h**2. Is v(-3) prime?
True
Let y = -6295 + 12209. Is y + 0 + 40/8 a prime number?
False
Let w(f) = 5*f**3 - 23*f**2 - 2*f + 64. Let h(r) = 4*r**3 - 24*r**2 - 4*r + 63. Let m(g) = -7*h(g) + 6*w(g). Is m(-14) a composite number?
True
Is (-4412*(-10)/160)/(((-15)/24)/(-5)) a composite number?
True
Suppose -4*n + 5135 = -5*c, -3*n + 3374 = -2*c - 479. Suppose -79*f + 74*f + n = 0. Let t = -180 + f. Is t a prime number?
False
Let n = -129412 - -202491. Is n prime?
True
Suppose -4*v - 12 = f - 2*f, 0 = -4*f - 5*v + 48. Let g be (-24)/(-5) - f/15. Suppose 0 = p + g*a + 93 - 412, -3*a = 4*p - 1315. Is p prime?
True
Let x(l) = -2*l**2 + 11*l + 7. Let b be x(5). Let y(m) = -m**2 + 6*m + 3. Let g be y(b). Is (-1 - g) + 9 + -12 prime?
False
Suppose 4*w - 14 = -3*d, 3*d + 4 = 2*w + 3*w. Let x(l) = 2*l**3 - 3 + 180*l**2 - 23 - 3*l - 196*l**w. Is x(11) prime?
False
Suppose 4*c = 15123 + 25669. Is c a prime number?
False
Let i = -11546 + 19578. Suppose 4*x = 4416 + i. Suppose 2*l = -6*l + x. Is l a prime number?
True
Let i = 2708 - -4071. Is i prime?
True
Suppose 10*b = -5*n + 5*b - 175, -3*b = 5*n + 171. Let s(w) = -w**2 - 53*w - 73. Is s(n) a composite number?
False
Suppose -39*t = -41*t + 5*m - 90, -5*t - 225 = 4*m. Is (-2 + -3460)*-5*(-3)/t composite?
True
Let s(p) = -22*p**2 - 4*p + 22. Let q(a) = -21*a**2 - 3*a + 21. Suppose 0 = 4*o - 3*o + 5. Let t(m) = o*q(m) + 4*s(m). Is t(-5) a prime number?
False
Suppose -o = 5*g + 10, g = -o + 3 - 5. Let r be (-10)/(4 + -2)*-1. Suppose -r*b = -o*b - 395. Is b a composite number?
False
Let d = 30 + -29. Is (0 + -1481)/(d/(-11)) prime?
False
Suppose 26*a = 32*a + 44580. Let p = a - -10593. Is p composite?
False
Suppose 12921357 + 16813254 = -12*r + 105*r. Is r a prime number?
True
Suppose 0 = 3*f, x + 24042 = -3*f + 295301. Is x prime?
False
Let q(r) = 15 + 13 + 304*r**2 + 779*r**2 - 6 - 10*r - 352*r**2. Is q(-5) a composite number?
True
Suppose -7*q - 150 = -9*q. Let i be -3*1/(-9)*q. Suppose -19*y - 462 = -i*y. Is y a prime number?
False
Let z(k) be the third derivative of -k**6